 a(i) = i**2 - 17*i + 42. Suppose 0 = 103*f - 108*f + 90. What is the tens digit of a(f)?
6
Let f(y) = 8*y**3 + 1090. What is the units digit of f(0)?
0
Let k(t) = -9*t - 6. Let p be k(-3). What is the hundreds digit of 518/p*(-9)/(-2)?
1
Let r(j) = j**3 - j**2 + 2*j - 3. Let q be r(2). Suppose 0*f + 4*f - 133 = -d, -q*d = 2*f - 53. Let m = f + -21. What is the tens digit of m?
1
Let c(d) = 3*d**3 + 2*d**2 - 4*d - 5. What is the tens digit of c(4)?
0
Let u(d) = 2*d. Let a be u(1). Suppose -5 + 0 = 4*v + 3*i, -a*v + i + 5 = 0. Suppose -x + 25 - v = 0. What is the tens digit of x?
2
Suppose -26 = 4*s + 26. Suppose 4*q + y = 43, -3*q + 5*y + 13 = -4*q. What is the units digit of s/(-2) - 6/q?
6
Let r = 252 - -243. What is the units digit of r?
5
Suppose -4*l + 6*l - 2 = 0. What is the units digit of ((-10)/(-6))/(l/21)?
5
Suppose 19*h - 8268 - 12195 = 0. What is the hundreds digit of h?
0
What is the units digit of ((-116)/6 + 1)/((-7)/315)?
5
Let y(n) = n - 7. Let c be y(10). Suppose -i = c*l - 235, 0*l + 220 = 3*l + 4*i. What is the units digit of l?
0
Let d(x) = -4*x - 35. Let j be d(-10). Suppose -1199 = -j*u + 86. What is the units digit of u?
7
Suppose d = 5*n - 20, -3*n + 4*d + 5 = -8*n. Let b(k) = k**2 - 2*k - 1. Let r be b(n). Suppose 6*l - 124 = r*l. What is the units digit of l?
1
Suppose -5*f = -2*s - 38, 2*f + 2*f - 34 = -2*s. Let d be (27/(-18))/(9/(-912)). Suppose -f*g = -4*g - d. What is the units digit of g?
8
Suppose 3*t = -3*t - 84. Let i be (-4)/14 + 94/t. What is the tens digit of (-3)/i - (-2919)/49?
6
Let i be 0 + ((-16)/(-1))/4. Suppose -5*y + 5*k - 2 = 3, 20 = i*k. Suppose -3*s - 32 = -5*m - 127, -2*m = -y*s + 136. What is the tens digit of s?
3
Let p(u) = u**3 + 42*u**2 + 54*u + 35. What is the units digit of p(-40)?
5
Let k be (36/16)/((-1)/(-20)). Suppose -95 = -4*n + k. Suppose -w + 21 = 3*y, -n = w - 3*w + y. What is the tens digit of w?
1
What is the thousands digit of 27*(8/(-2) + 169)?
4
Let b(l) = l**3 - 3*l**2 - 7*l + 6. Let y be b(4). What is the tens digit of (-6)/(-18) - 376/y?
6
Let f = -119 + 87. What is the tens digit of (2 - (-26)/(-8))*f?
4
Let l(t) = 4*t - 11. What is the tens digit of l(14)?
4
Let o(s) = -3*s + 47. Let r(t) = 14*t - 234. Let h(j) = 11*o(j) + 2*r(j). What is the tens digit of h(-11)?
0
Let u(t) = t**2 - 9*t - 99. What is the units digit of u(-29)?
3
Suppose -3*v + 8 = 26. Let s be 10*v/((-36)/21). Let i = 53 - s. What is the tens digit of i?
1
Suppose -6*o + 2*o - 74 = 2*r, 2*o = -5*r - 193. Let w = 39 + r. Suppose w = 4*m + 2*d - 268, -m - 3*d = 3 - 70. What is the units digit of m?
7
Suppose -4*u + 4*k + 8 = 8*k, -u = 5*k - 10. What is the units digit of 3 - (u - 2 - 20)?
5
Let c be (0 - -1) + (-12)/(-4) + 9. Suppose -d = 1, 2*s + 3*d - 22 = c. What is the units digit of s?
9
Let c = 1310 - 3942. What is the tens digit of -3 + c/(-32) + 2/(-8)?
7
Suppose -6*l = -2377 + 187. What is the units digit of l?
5
Suppose -g = 2*g, -g = -2*r + 10. Suppose 3*v - 3*l = -4*l + 580, -r*v - 2*l = -968. What is the hundreds digit of v?
1
Suppose -x = -86 + 30. Suppose -v + 3*v - 5*g + x = 0, 0 = -4*v + g - 76. Let k = v - -76. What is the units digit of k?
8
Let o(q) = 11*q**2 + 49*q - 16. Let x(u) = -3*u**2 - 16*u + 5. Let t(w) = 2*o(w) + 7*x(w). Suppose 4 + 11 = p. What is the tens digit of t(p)?
1
Let v be -28 - (0 + (3 - 0)). Let y = 91 + v. What is the tens digit of y?
6
Let j = 391 - 311. What is the tens digit of j?
8
Let l(h) = -4*h**2 + 18*h - 4. Let r(d) = -5*d**2 + 19*d - 3. Let z(b) = -6*l(b) + 5*r(b). Let s be z(-14). Let y = 1 - s. What is the units digit of y?
6
Let q = -3094 - -5547. What is the units digit of q?
3
Suppose -54 - 71 = -5*a. Suppose -2*n = -y + a, 4*n - 7*n = 2*y - 85. What is the units digit of ((-14)/y)/(2/(-20))?
4
What is the hundreds digit of -1 - -1 - (-1 + -132)?
1
Let v(a) = a - 1. Let f be v(5). Suppose -159 - 141 = -f*s. What is the tens digit of s?
7
Let v(u) = -715*u**3 + 9*u**2 - 12*u + 7. Let c(r) = 357*r**3 - 4*r**2 + 5*r - 3. Let n(g) = 5*c(g) + 2*v(g). What is the tens digit of n(1)?
5
Let u(d) = d**3 - 6*d**2 - 6*d - 5. Let g be u(7). Let m = -57 - -117. Suppose g*o - 12 = m. What is the tens digit of o?
3
Let z be 15 + (-3 - 0/1). Let t = z - 8. Suppose -2*v = 5*n - 53, 92 = 5*v - v - t*n. What is the tens digit of v?
2
Suppose 4*d + 236 = 4*n, 0 = -n + 3*d - d + 55. Let a = n - 60. What is the units digit of a?
3
Let p(w) = -390*w - 6. Let x be p(-1). Suppose 48 = -7*d + x. What is the units digit of d?
8
Suppose -4*f + 6 + 6 = 0. Suppose 6*h = f*h + 546. What is the units digit of h?
2
What is the units digit of (-21672)/(-35) + 5 - (-1)/(-5)?
4
Suppose 0 = 2*y - 4*h + 2, -2*y = h - 2*h - 4. Suppose 82 = y*j - 17. Suppose -w - 8 = 2*d - j, -3*d + 45 = 3*w. What is the units digit of d?
0
What is the hundreds digit of 28/12 + (-449523)/(-81)?
5
Suppose -3*m + 42 = -120. Let t(x) = x**3 + 2*x**2 + 2*x - 1. Let n be t(-3). Let a = n + m. What is the tens digit of a?
3
Suppose 80625 = -9*o + 52*o. What is the thousands digit of o?
1
Let f = 10298 + -6759. What is the thousands digit of f?
3
Let i = -7408 + 5214. What is the units digit of (-1)/((-12)/(-3)) - i/8?
4
Suppose -p - 46 + 56 = 0. Suppose p*y = -835 + 2945. What is the hundreds digit of y?
2
Let s be 21/(-49) - (54/21 - 3). Suppose 3*u = 3*t - 21, s = t + 3*u - 1 + 10. What is the units digit of t?
3
Suppose 7*k = 15 + 6. Let i(g) = 4*g - 3 + 8*g - 2. What is the tens digit of i(k)?
3
Let n(c) = c**3 - 11*c**2 - 3*c + 27. Let o be n(11). What is the tens digit of 6/(-12) - (201/o - -2)?
3
Let j(t) = 111*t**2 + 226*t - 4. What is the hundreds digit of j(-4)?
8
Let r(l) = -l**3 + 4*l**2 - 10. Suppose 1 + 2 = -n. What is the tens digit of r(n)?
5
What is the units digit of (162 - 161) + 3/((-6)/(-3338))?
0
Let j = -75 + 470. What is the units digit of j?
5
Let i be (-4)/8 + 10/4. Suppose o - i = -3. What is the tens digit of 115/10 - o/(-2)?
1
Suppose 0 = 4*m - 39 - 33. Suppose -14 = -x + 5*y, -m = -x - 5*y - 54. Let a = x - -21. What is the units digit of a?
0
Suppose -3*a - 132 = a + u, -2*a - 66 = 5*u. Let v = a - -51. What is the units digit of v?
8
Let u(x) = -x**3 - 6*x**2 - 5*x + 4. Let o be u(-4). Let d(t) = t**2 + 9*t - 7. Let k be d(o). Let h = 21 + k. What is the units digit of h?
6
Suppose -3*c + 4*n = 97 - 473, 3*n - 411 = -3*c. What is the tens digit of c?
3
Let h(q) be the third derivative of -17*q**4/6 + q**3/2 + 27*q**2. What is the units digit of h(-2)?
9
Let j be (0 - -4) + (7 - 6). Let d(c) = 3*c + 5. Let b be d(j). Suppose -20*n + b = -16*n. What is the units digit of n?
5
Let r(f) = -f + 15. Let n be r(8). Let b be 7/49 - (-419)/n. What is the tens digit of b*((-12)/(-15) - 0)?
4
Let q be 1/(2 + (0 - 1)). Let j(a) = 21*a**2 + 12*a**2 + 1 + 0. What is the tens digit of j(q)?
3
Suppose 3*s - 2*s - 21 = 0. Suppose 0 = -26*y + s*y + 625. What is the hundreds digit of y?
1
Suppose 300 - 35 = -4*d - 5*b, -2*d + 2*b - 110 = 0. What is the units digit of (-2 - d/35) + 1628/14?
6
Let z(w) = -3*w**2 - 7*w + 6. Let n(g) = 2*g**2 + 6*g - 6. Let v(y) = -6*n(y) - 5*z(y). Let m be 2/(24/20)*54/30. What is the tens digit of v(m)?
3
Let r(v) = -v + 16. Let q be r(10). Suppose -p + 8 = 4*f, 0 = 2*p + 4*f - 10 - q. What is the units digit of p?
8
What is the units digit of (389 - -43) + 1*4?
6
Let s = -567 - -685. What is the units digit of s?
8
Suppose 2*y - 1 = 7. Suppose -34 = -f + y*m, 2*f + m = -2*f + 153. What is the units digit of f?
8
Suppose 2*l - 4*o - 172 = 0, -o + 237 = -l + 4*l. Suppose -l = -6*s + 5*s. Suppose 0 = -3*v - v + s. What is the units digit of v?
0
Let g(h) be the first derivative of 7*h**3/3 + 2*h**2 + h - 28. What is the hundreds digit of g(-7)?
3
Let t(i) = -5*i - 4. Suppose 4*l - 14 + 6 = 0. Let u be t(l). Let p = 24 + u. What is the units digit of p?
0
Let r(n) = -28*n**3 - 14*n - 32. What is the tens digit of r(-3)?
6
Suppose 23*b - 904 = -2*r + 26*b, -b = 3*r - 1345. What is the tens digit of r?
4
Let j(s) = 8*s**3 + 6*s**2 - 2*s - 5. Let x(z) = -z**3 + z. Let o(f) = -j(f) - 6*x(f). What is the units digit of o(-4)?
3
Let f be 2/(-4) - (-81)/6. Suppose 3*q + 6 = -3*h, -3*h - 4*q + 3 - f = 0. Suppose k - 14 = 4*a - h, 4*k + a = 82. What is the units digit o